{"id":308,"date":"2019-08-08T14:40:46","date_gmt":"2019-08-08T14:40:46","guid":{"rendered":"https:\/\/tennisdetableairvault.fr\/?page_id=308"},"modified":"2023-04-27T20:24:26","modified_gmt":"2023-04-27T20:24:26","slug":"notre-salle-2","status":"publish","type":"page","link":"https:\/\/tennisdetableairvault.fr\/?page_id=308","title":{"rendered":"Notre salle"},"content":{"rendered":"<div data-colibri-id=\"308-c1\" class=\"style-473 style-local-308-c1 position-relative\">\n  <!---->\n  <div data-colibri-component=\"section\" data-colibri-id=\"308-c10\" id=\"custom\" class=\"h-section h-section-global-spacing d-flex align-items-lg-center align-items-md-center align-items-center style-482 style-local-308-c10 position-relative\">\n    <!---->\n    <!---->\n    <div class=\"h-section-grid-container h-section-boxed-container\">\n      <!---->\n      <div data-colibri-id=\"308-c11\" class=\"h-row-container gutters-row-lg-2 gutters-row-md-2 gutters-row-0 gutters-row-v-lg-2 gutters-row-v-md-2 gutters-row-v-2 style-483 style-local-308-c11 position-relative\">\n        <!---->\n        <div class=\"h-row justify-content-lg-center justify-content-md-center justify-content-center align-items-lg-stretch align-items-md-stretch align-items-stretch gutters-col-lg-2 gutters-col-md-2 gutters-col-0 gutters-col-v-lg-2 gutters-col-v-md-2 gutters-col-v-2\">\n          <!---->\n          <div class=\"h-column h-column-container d-flex h-col-lg-auto h-col-md-auto h-col-auto style-484-outer style-local-308-c12-outer\">\n            <div data-colibri-id=\"308-c12\" class=\"d-flex h-flex-basis h-column__inner h-px-lg-2 h-px-md-2 h-px-2 v-inner-lg-2 v-inner-md-2 v-inner-2 style-484 style-local-308-c12 position-relative\">\n              <!---->\n              <!---->\n              <div class=\"w-100 h-y-container h-column__content h-column__v-align flex-basis-100 align-self-lg-start align-self-md-start align-self-start\">\n                <!---->\n                <div data-colibri-id=\"308-c14\" class=\"h-text h-text-component style-486 style-local-308-c14 position-relative h-element\">\n                  <!---->\n                  <!---->\n                  <div class=\"\">\n                    <p>La salle de Tennis de Table de Airvault est l&rsquo;endroit id\u00e9al pour les amateurs de ping-pong.\n                      <br>\n                      <br>Situ\u00e9 au c\u0153ur de la ville d&rsquo;Airvault, dans la rue Ernest Perochon au complexe sportif Ren\u00e9-Brenet, \u00e0 proximit\u00e9 du coll\u00e8ge Voltaire, notre salle dispose d&rsquo;un \u00e9quipement de qualit\u00e9.\n                      <br>\n                      <br>Nous avons des tables de ping-pong de haute qualit\u00e9, une surface de rev\u00eatement de sol r\u00e9glementaire pour une exp\u00e9rience de jeu optimale et un robot de distribution de balle pour vous aider \u00e0 am\u00e9liorer vos comp\u00e9tences.\n                      <br>\n                      <br>Venez nous rendre visite \u00e0 la salle de Tennis de Table de Airvault pour d\u00e9couvrir notre \u00e9quipement de pointe et jouer au ping-pong dans un environnement professionnel.<\/p>\n                  <\/div>\n                <\/div>\n              <\/div>\n            <\/div>\n          <\/div>\n          <div class=\"h-column h-column-container d-flex h-col-lg-auto h-col-md-auto h-col-auto style-485-outer style-local-308-c13-outer\">\n            <div data-colibri-id=\"308-c13\" class=\"d-flex h-flex-basis h-column__inner h-px-lg-2 h-px-md-2 h-px-2 v-inner-lg-2 v-inner-md-2 v-inner-2 style-485 style-local-308-c13 position-relative\">\n              <!---->\n              <!---->\n              <div class=\"w-100 h-y-container h-column__content h-column__v-align flex-basis-100 align-self-lg-start align-self-md-start align-self-start\">\n                <!---->\n                <div data-colibri-id=\"308-c18\" class=\"d-block style-487 style-local-308-c18 position-relative h-element\">\n                  <!---->\n                  <div class=\"h-image__frame-container-outer\">\n                    <div class=\"h-image__frame-container\">\n                      <!---->\n                      <!---->\n                      <img loading=\"lazy\" decoding=\"async\" width=\"600\" height=\"400\" src=\"https:\/\/tennisdetableairvault.fr\/wp-content\/uploads\/2019\/08\/cropped-IMG_7494-1.jpg\" class=\"wp-image-731 style-487-image style-local-308-c18-image\" alt=\"\" srcset=\"https:\/\/tennisdetableairvault.fr\/wp-content\/uploads\/2019\/08\/cropped-IMG_7494-1.jpg 600w, https:\/\/tennisdetableairvault.fr\/wp-content\/uploads\/2019\/08\/cropped-IMG_7494-1-150x100.jpg 150w\" sizes=\"auto, (max-width: 600px) 100vw, 600px\" \/>\n                      <div class=\"h-image__frame h-hide-lg h-hide-md h-hide-sm style-487-frameImage style-local-308-c18-frameImage\"><\/div>\n                    <\/div>\n                  <\/div>\n                <\/div>\n              <\/div>\n            <\/div>\n          <\/div>\n        <\/div>\n      <\/div>\n    <\/div>\n  <\/div>\n<\/div>","protected":false},"excerpt":{"rendered":"<p>La salle de Tennis de Table de Airvault est l&rsquo;endroit id\u00e9al pour les amateurs de ping-pong. Situ\u00e9 au c\u0153ur de la ville d&rsquo;Airvault, dans la rue Ernest Perochon au complexe sportif Ren\u00e9-Brenet, \u00e0 proximit\u00e9 du coll\u00e8ge Voltaire, notre salle dispose d&rsquo;un \u00e9quipement de qualit\u00e9. Nous avons des tables de ping-pong de haute qualit\u00e9, une surface [&hellip;]<\/p>\n","protected":false},"author":1,"featured_media":0,"parent":0,"menu_order":1,"comment_status":"closed","ping_status":"closed","template":"page-templates\/full-width-page.php","meta":{"footnotes":""},"class_list":["post-308","page","type-page","status-publish","hentry"],"_links":{"self":[{"href":"https:\/\/tennisdetableairvault.fr\/index.php?rest_route=\/wp\/v2\/pages\/308","targetHints":{"allow":["GET"]}}],"collection":[{"href":"https:\/\/tennisdetableairvault.fr\/index.php?rest_route=\/wp\/v2\/pages"}],"about":[{"href":"https:\/\/tennisdetableairvault.fr\/index.php?rest_route=\/wp\/v2\/types\/page"}],"author":[{"embeddable":true,"href":"https:\/\/tennisdetableairvault.fr\/index.php?rest_route=\/wp\/v2\/users\/1"}],"replies":[{"embeddable":true,"href":"https:\/\/tennisdetableairvault.fr\/index.php?rest_route=%2Fwp%2Fv2%2Fcomments&post=308"}],"version-history":[{"count":0,"href":"https:\/\/tennisdetableairvault.fr\/index.php?rest_route=\/wp\/v2\/pages\/308\/revisions"}],"wp:attachment":[{"href":"https:\/\/tennisdetableairvault.fr\/index.php?rest_route=%2Fwp%2Fv2%2Fmedia&parent=308"}],"curies":[{"name":"wp","href":"https:\/\/api.w.org\/{rel}","templated":true}]}}